{"id":431,"date":"2023-03-11T15:55:16","date_gmt":"2023-03-11T14:55:16","guid":{"rendered":"https:\/\/souvenir-francais-argentine.fr\/?page_id=431"},"modified":"2023-03-13T19:42:40","modified_gmt":"2023-03-13T18:42:40","slug":"souvenirs-existants","status":"publish","type":"page","link":"https:\/\/souvenir-francais-argentine.fr\/index.php\/contexte-historique\/souvenirs-existants\/","title":{"rendered":"Les souvenirs existants"},"content":{"rendered":"\n<h2 class=\"wp-block-heading\">R\u00e9gion de Mendoza : San Carlos<\/h2>\n\n\n\n<ul class=\"wp-block-list\">\n<li>Sculpture, peu visible car plac\u00e9e sur une route d\u00e9sormais non fr\u00e9quent\u00e9e et plaque \u00e9rig\u00e9e en octobre 1996 dans un \u00e9tat tr\u00e8s d\u00e9grad\u00e9, c\u00e9l\u00e9brant Guillaumet et rendant hommage aux habitants de Pareditas, en particulier \u00e0 la famille Garcia.<\/li>\n\n\n\n<li><a class=\"lien-ext\" title=\"R\u00e9cit de l'enfant berger\" href=\"https:\/\/www.argentina-excepcion.com\/guide-voyage\/aeropostale\/juan-gualberto-garcia\">Juan Gualberto Garcia<\/a>, l&rsquo;enfant qui trouva Henri de Guillaumet le 19 juin 1930 presque mort de froid. Il avait quatorze ans \u00e0 l\u2019\u00e9poque des faits. Il est aujourd\u2019hui d\u00e9c\u00e9d\u00e9. <\/li>\n\n\n\n<li>Juan Gualberto Gomez, t\u00e9moin des retrouvailles entre Guillaumet et Saint Exup\u00e9ry alors qu\u2019il cultivait son champ de ma\u00efs.<\/li>\n\n\n\n<li><a class=\"lien-ext\" title=\"Le Mus\u00e9e Henri Guillaumet de Bouy\" href=\"https:\/\/www.passionpourlaviation.fr\/tag\/musee-henri-guillaumet\/\">Mus\u00e9e Henri de Guillaumet<\/a> qui pr\u00e9sente en autre une maquette repr\u00e9sentant le plan de vol, l&rsquo;endroit du crache et de la d\u00e9couverte d&rsquo;Henri de Guillaumet.<\/li>\n<\/ul>\n\n\n\r\n\t\t\t\t\t\n\r\n\t\t\t\t\t<!-- START UNITE GALLERY 1.7.58 -->\r\n\t\t\t\t\t\r\n\t\t\t\t\n\t\t\t<div id='unitegallery_2_1' class='unite-gallery' style='margin:0px auto;margin-top:15px;margin-bottom:25px;'>\n\t\t\t\t\n\n\t\t\t\t\t\t<img decoding=\"async\" alt=\"Sculpture et plaque c\u00e9l\u00e9brant Guillaumet\"\n\t\t\t\t\t\t     src=\"\" data-image=\"https:\/\/souvenir-francais-argentine.fr\/wp-content\/uploads\/2023\/03\/IMAGE.jpg\"\n\t\t\t\t\t\t     data-image-mobile=\"https:\/\/souvenir-francais-argentine.fr\/wp-content\/uploads\/2023\/03\/IMAGE-768x662.jpg\"\n\t\t\t\t\t\t     data-thumb=\"https:\/\/souvenir-francais-argentine.fr\/wp-content\/uploads\/2023\/03\/IMAGE.jpg\"\n\t\t\t\t\t\t     data-thumb-mobile=\"https:\/\/souvenir-francais-argentine.fr\/wp-content\/uploads\/2023\/03\/IMAGE-768x662.jpg\"\n\t\t\t\t\t\t     title=\"\"\n\t\t\t\t\t\t     data-title=\"Sculpture et plaque c\u00e9l\u00e9brant Guillaumet\"\n\t\t\t\t\t\t     style=\"display:none\">\n\n\t\t\t\t\t\t<img decoding=\"async\" alt=\"Sculpture c\u00e9l\u00e9brant Guillaumet\"\n\t\t\t\t\t\t     src=\"\" data-image=\"https:\/\/souvenir-francais-argentine.fr\/wp-content\/uploads\/2023\/03\/img07.jpg\"\n\t\t\t\t\t\t     data-thumb=\"https:\/\/souvenir-francais-argentine.fr\/wp-content\/uploads\/2023\/03\/img07.jpg\"\n\t\t\t\t\t\t     title=\"\"\n\t\t\t\t\t\t     data-title=\"Sculpture c\u00e9l\u00e9brant Guillaumet\"\n\t\t\t\t\t\t     style=\"display:none\">\n\n\t\t\t\t\t\t<img decoding=\"async\" alt=\"Juan Gualberto Garcia, l'enfant qui trouva Henri de Guillaumet\"\n\t\t\t\t\t\t     src=\"\" data-image=\"https:\/\/souvenir-francais-argentine.fr\/wp-content\/uploads\/2023\/03\/2009_02.XX-295.jpg\"\n\t\t\t\t\t\t     data-image-mobile=\"https:\/\/souvenir-francais-argentine.fr\/wp-content\/uploads\/2023\/03\/2009_02.XX-295-768x576.jpg\"\n\t\t\t\t\t\t     data-thumb=\"https:\/\/souvenir-francais-argentine.fr\/wp-content\/uploads\/2023\/03\/2009_02.XX-295.jpg\"\n\t\t\t\t\t\t     data-thumb-mobile=\"https:\/\/souvenir-francais-argentine.fr\/wp-content\/uploads\/2023\/03\/2009_02.XX-295-768x576.jpg\"\n\t\t\t\t\t\t     title=\"\"\n\t\t\t\t\t\t     data-title=\"Juan Gualberto Garcia, l'enfant qui trouva Henri de Guillaumet\"\n\t\t\t\t\t\t     style=\"display:none\">\n\n\t\t\t\t\t\t<img decoding=\"async\" alt=\"Juan Gualberto Gomez, t\u00e9moin des retrouvailles\"\n\t\t\t\t\t\t     src=\"\" data-image=\"https:\/\/souvenir-francais-argentine.fr\/wp-content\/uploads\/2023\/03\/Capture-Juan-Gomez-5xx.jpg\"\n\t\t\t\t\t\t     data-image-mobile=\"https:\/\/souvenir-francais-argentine.fr\/wp-content\/uploads\/2023\/03\/Capture-Juan-Gomez-5xx-768x475.jpg\"\n\t\t\t\t\t\t     data-thumb=\"https:\/\/souvenir-francais-argentine.fr\/wp-content\/uploads\/2023\/03\/Capture-Juan-Gomez-5xx.jpg\"\n\t\t\t\t\t\t     data-thumb-mobile=\"https:\/\/souvenir-francais-argentine.fr\/wp-content\/uploads\/2023\/03\/Capture-Juan-Gomez-5xx-768x475.jpg\"\n\t\t\t\t\t\t     title=\"\"\n\t\t\t\t\t\t     data-title=\"Juan Gualberto Gomez, t\u00e9moin des retrouvailles\"\n\t\t\t\t\t\t     style=\"display:none\">\n\n\t\t\t\t\t\t<img decoding=\"async\" alt=\"Mus\u00e9e Henri de Guillaumet\"\n\t\t\t\t\t\t     src=\"\" data-image=\"https:\/\/souvenir-francais-argentine.fr\/wp-content\/uploads\/2023\/03\/museo_henri_guillaumet_001.jpg\"\n\t\t\t\t\t\t     data-image-mobile=\"https:\/\/souvenir-francais-argentine.fr\/wp-content\/uploads\/2023\/03\/museo_henri_guillaumet_001-768x576.jpg\"\n\t\t\t\t\t\t     data-thumb=\"https:\/\/souvenir-francais-argentine.fr\/wp-content\/uploads\/2023\/03\/museo_henri_guillaumet_001.jpg\"\n\t\t\t\t\t\t     data-thumb-mobile=\"https:\/\/souvenir-francais-argentine.fr\/wp-content\/uploads\/2023\/03\/museo_henri_guillaumet_001-768x576.jpg\"\n\t\t\t\t\t\t     title=\"\"\n\t\t\t\t\t\t     data-title=\"Mus\u00e9e Henri de Guillaumet\"\n\t\t\t\t\t\t     style=\"display:none\">\n\n\t\t\t\t\t\t<img decoding=\"async\" alt=\"Mus\u00e9e Henri de Guillaumet\"\n\t\t\t\t\t\t     src=\"\" data-image=\"https:\/\/souvenir-francais-argentine.fr\/wp-content\/uploads\/2023\/03\/museo_henri_guillaumet_015.jpg\"\n\t\t\t\t\t\t     data-image-mobile=\"https:\/\/souvenir-francais-argentine.fr\/wp-content\/uploads\/2023\/03\/museo_henri_guillaumet_015-768x576.jpg\"\n\t\t\t\t\t\t     data-thumb=\"https:\/\/souvenir-francais-argentine.fr\/wp-content\/uploads\/2023\/03\/museo_henri_guillaumet_015.jpg\"\n\t\t\t\t\t\t     data-thumb-mobile=\"https:\/\/souvenir-francais-argentine.fr\/wp-content\/uploads\/2023\/03\/museo_henri_guillaumet_015-768x576.jpg\"\n\t\t\t\t\t\t     title=\"\"\n\t\t\t\t\t\t     data-title=\"Mus\u00e9e Henri de Guillaumet\"\n\t\t\t\t\t\t     style=\"display:none\">\n\n\t\t\t\t\t\t<img decoding=\"async\" alt=\"Maquette repr\u00e9sentant le plan de vol\"\n\t\t\t\t\t\t     src=\"\" data-image=\"https:\/\/souvenir-francais-argentine.fr\/wp-content\/uploads\/2023\/03\/museo_henri_guillaumet_021.jpg\"\n\t\t\t\t\t\t     data-image-mobile=\"https:\/\/souvenir-francais-argentine.fr\/wp-content\/uploads\/2023\/03\/museo_henri_guillaumet_021-768x576.jpg\"\n\t\t\t\t\t\t     data-thumb=\"https:\/\/souvenir-francais-argentine.fr\/wp-content\/uploads\/2023\/03\/museo_henri_guillaumet_021.jpg\"\n\t\t\t\t\t\t     data-thumb-mobile=\"https:\/\/souvenir-francais-argentine.fr\/wp-content\/uploads\/2023\/03\/museo_henri_guillaumet_021-768x576.jpg\"\n\t\t\t\t\t\t     title=\"\"\n\t\t\t\t\t\t     data-title=\"Maquette repr\u00e9sentant le plan de vol\"\n\t\t\t\t\t\t     style=\"display:none\">\n\n\t\t\t\t\t\t<img decoding=\"async\" alt=\"L'\u00e9quipe du mus\u00e9e Henri de Guillaumet\"\n\t\t\t\t\t\t     src=\"\" data-image=\"https:\/\/souvenir-francais-argentine.fr\/wp-content\/uploads\/2023\/03\/museo_henri_guillaumet_059.jpg\"\n\t\t\t\t\t\t     data-image-mobile=\"https:\/\/souvenir-francais-argentine.fr\/wp-content\/uploads\/2023\/03\/museo_henri_guillaumet_059-768x576.jpg\"\n\t\t\t\t\t\t     data-thumb=\"https:\/\/souvenir-francais-argentine.fr\/wp-content\/uploads\/2023\/03\/museo_henri_guillaumet_059.jpg\"\n\t\t\t\t\t\t     data-thumb-mobile=\"https:\/\/souvenir-francais-argentine.fr\/wp-content\/uploads\/2023\/03\/museo_henri_guillaumet_059-768x576.jpg\"\n\t\t\t\t\t\t     title=\"\"\n\t\t\t\t\t\t     data-title=\"L'\u00e9quipe du mus\u00e9e Henri de Guillaumet\"\n\t\t\t\t\t\t     style=\"display:none\">\n\t\t\t<\/div>\n\n\t\t\t<script type='text\/javascript'>\n\t\t\t\twindow.onload = function(e) {\n\t\t\t\t\tif(typeof ugCheckForErrors == \"undefined\"){\n\t\t\t\t\t\tdocument.getElementById(\"unitegallery_2_1\").innerHTML = \"<span style='color:red'>Unite Gallery Error - gallery js and css files not included in the footer. Please make sure that wp_footer() function is added to your theme.<\/span>\";}\n\t\t\t\t\telse{ ugCheckForErrors(\"unitegallery_2_1\", \"jquery\");}\n\t\t\t\t};\n\t\t\t<\/script>\n\n\t\t\t<!-- END UNITEGALLERY -->\n\n\n<hr class=\"wp-block-separator alignfull has-alpha-channel-opacity\"\/>\n\n\n\n<h2 class=\"wp-block-heading\">R\u00e9gion de Mendoza : Laguna Diamante<\/h2>\n\n\n\n<ul class=\"wp-block-list\">\n<li>Plaque et structure en hommage \u00e0 Henri de Guillaumet au site de la Laguna Diamante (2004)<\/li>\n\n\n\n<li>Plaque \u00e0 l\u2019endroit de l\u2019atterrissage<\/li>\n\n\n\n<li>Circuit touristique<\/li>\n<\/ul>\n\n\n\r\n\t\t\t\t\t\n\r\n\t\t\t\t\t<!-- START UNITE GALLERY 1.7.58 -->\r\n\t\t\t\t\t\r\n\t\t\t\t\n\t\t\t<div id='unitegallery_2_2' class='unite-gallery' style='margin:0px auto;margin-top:15px;margin-bottom:25px;'>\n\t\t\t\t\n\n\t\t\t\t\t\t<img decoding=\"async\" alt=\"Plaque et structure en hommage \u00e0 Henri de Guillaumet\"\n\t\t\t\t\t\t     src=\"\" data-image=\"https:\/\/souvenir-francais-argentine.fr\/wp-content\/uploads\/2023\/03\/img03.jpg\"\n\t\t\t\t\t\t     data-image-mobile=\"https:\/\/souvenir-francais-argentine.fr\/wp-content\/uploads\/2023\/03\/img03-768x858.jpg\"\n\t\t\t\t\t\t     data-thumb=\"https:\/\/souvenir-francais-argentine.fr\/wp-content\/uploads\/2023\/03\/img03.jpg\"\n\t\t\t\t\t\t     data-thumb-mobile=\"https:\/\/souvenir-francais-argentine.fr\/wp-content\/uploads\/2023\/03\/img03-768x858.jpg\"\n\t\t\t\t\t\t     title=\"\"\n\t\t\t\t\t\t     data-title=\"Plaque et structure en hommage \u00e0 Henri de Guillaumet\"\n\t\t\t\t\t\t     style=\"display:none\">\n\n\t\t\t\t\t\t<img decoding=\"async\" alt=\"Plaque \u00e0 l\u2019endroit de l\u2019atterrissage\"\n\t\t\t\t\t\t     src=\"\" data-image=\"https:\/\/souvenir-francais-argentine.fr\/wp-content\/uploads\/2023\/03\/IMG_5660.jpg\"\n\t\t\t\t\t\t     data-image-mobile=\"https:\/\/souvenir-francais-argentine.fr\/wp-content\/uploads\/2023\/03\/IMG_5660-768x576.jpg\"\n\t\t\t\t\t\t     data-thumb=\"https:\/\/souvenir-francais-argentine.fr\/wp-content\/uploads\/2023\/03\/IMG_5660.jpg\"\n\t\t\t\t\t\t     data-thumb-mobile=\"https:\/\/souvenir-francais-argentine.fr\/wp-content\/uploads\/2023\/03\/IMG_5660-768x576.jpg\"\n\t\t\t\t\t\t     title=\"\"\n\t\t\t\t\t\t     data-title=\"Plaque \u00e0 l\u2019endroit de l\u2019atterrissage\"\n\t\t\t\t\t\t     style=\"display:none\">\n\n\t\t\t\t\t\t<img decoding=\"async\" alt=\"Laguna Diamante - Argentine\"\n\t\t\t\t\t\t     src=\"\" data-image=\"https:\/\/souvenir-francais-argentine.fr\/wp-content\/uploads\/2023\/03\/IMG_2461.jpg\"\n\t\t\t\t\t\t     data-image-mobile=\"https:\/\/souvenir-francais-argentine.fr\/wp-content\/uploads\/2023\/03\/IMG_2461-768x576.jpg\"\n\t\t\t\t\t\t     data-thumb=\"https:\/\/souvenir-francais-argentine.fr\/wp-content\/uploads\/2023\/03\/IMG_2461.jpg\"\n\t\t\t\t\t\t     data-thumb-mobile=\"https:\/\/souvenir-francais-argentine.fr\/wp-content\/uploads\/2023\/03\/IMG_2461-768x576.jpg\"\n\t\t\t\t\t\t     title=\"\"\n\t\t\t\t\t\t     data-title=\"Laguna Diamante - Argentine\"\n\t\t\t\t\t\t     style=\"display:none\">\n\n\t\t\t\t\t\t<img decoding=\"async\" alt=\"Circuit touristique\"\n\t\t\t\t\t\t     src=\"\" data-image=\"https:\/\/souvenir-francais-argentine.fr\/wp-content\/uploads\/2023\/03\/img02.jpg\"\n\t\t\t\t\t\t     data-image-mobile=\"https:\/\/souvenir-francais-argentine.fr\/wp-content\/uploads\/2023\/03\/img02-768x600.jpg\"\n\t\t\t\t\t\t     data-thumb=\"https:\/\/souvenir-francais-argentine.fr\/wp-content\/uploads\/2023\/03\/img02.jpg\"\n\t\t\t\t\t\t     data-thumb-mobile=\"https:\/\/souvenir-francais-argentine.fr\/wp-content\/uploads\/2023\/03\/img02-768x600.jpg\"\n\t\t\t\t\t\t     title=\"\"\n\t\t\t\t\t\t     data-title=\"Circuit touristique\"\n\t\t\t\t\t\t     style=\"display:none\">\n\n\t\t\t\t\t\t<img decoding=\"async\" alt=\"Volcan Maipu 5323 m, r\u00e9serve Laguna Diamante\"\n\t\t\t\t\t\t     src=\"\" data-image=\"https:\/\/souvenir-francais-argentine.fr\/wp-content\/uploads\/2023\/03\/diamente-04.jpg\"\n\t\t\t\t\t\t     data-image-mobile=\"https:\/\/souvenir-francais-argentine.fr\/wp-content\/uploads\/2023\/03\/diamente-04-768x512.jpg\"\n\t\t\t\t\t\t     data-thumb=\"https:\/\/souvenir-francais-argentine.fr\/wp-content\/uploads\/2023\/03\/diamente-04.jpg\"\n\t\t\t\t\t\t     data-thumb-mobile=\"https:\/\/souvenir-francais-argentine.fr\/wp-content\/uploads\/2023\/03\/diamente-04-768x512.jpg\"\n\t\t\t\t\t\t     title=\"\"\n\t\t\t\t\t\t     data-title=\"Volcan Maipu 5323 m,  r\u00e9serve Laguna Diamante\"\n\t\t\t\t\t\t     style=\"display:none\">\n\t\t\t<\/div>\n\n\n\t\t\t<!-- END UNITEGALLERY -->\n\n\n<hr class=\"wp-block-separator alignfull has-alpha-channel-opacity\"\/>\n\n\n\n<h2 class=\"wp-block-heading\">Pour m\u00e9moire au Mus\u00e9e de l&rsquo;aviation de Moron<\/h2>\n\n\n\n<p>Seul exemplaire d\u2019un Late 26 statique existant, avion utilis\u00e9 par Antoine de St Exupery et Jean Mermoz<\/p>\n\n\n\r\n\t\t\t\t\t\n\r\n\t\t\t\t\t<!-- START UNITE GALLERY 1.7.58 -->\r\n\t\t\t\t\t\r\n\t\t\t\t\n\t\t\t<div id='unitegallery_2_3' class='unite-gallery' style='margin:0px auto;margin-top:15px;margin-bottom:25px;'>\n\t\t\t\t\n\n\t\t\t\t\t\t<img decoding=\"async\" alt=\"seul exemplaire d\u2019un Late 26existant\"\n\t\t\t\t\t\t     src=\"\" data-image=\"https:\/\/souvenir-francais-argentine.fr\/wp-content\/uploads\/2023\/03\/IMG_2361.jpg\"\n\t\t\t\t\t\t     data-image-mobile=\"https:\/\/souvenir-francais-argentine.fr\/wp-content\/uploads\/2023\/03\/IMG_2361-768x576.jpg\"\n\t\t\t\t\t\t     data-thumb=\"https:\/\/souvenir-francais-argentine.fr\/wp-content\/uploads\/2023\/03\/IMG_2361-scaled.jpg\"\n\t\t\t\t\t\t     data-thumb-mobile=\"https:\/\/souvenir-francais-argentine.fr\/wp-content\/uploads\/2023\/03\/IMG_2361-768x576.jpg\"\n\t\t\t\t\t\t     title=\"\"\n\t\t\t\t\t\t     data-title=\"seul exemplaire d\u2019un Late 26existant\"\n\t\t\t\t\t\t     style=\"display:none\">\n\n\t\t\t\t\t\t<img decoding=\"async\" alt=\"Late 26 statique\"\n\t\t\t\t\t\t     src=\"\" data-image=\"https:\/\/souvenir-francais-argentine.fr\/wp-content\/uploads\/2023\/03\/img01.jpg\"\n\t\t\t\t\t\t     data-image-mobile=\"https:\/\/souvenir-francais-argentine.fr\/wp-content\/uploads\/2023\/03\/img01-768x578.jpg\"\n\t\t\t\t\t\t     data-thumb=\"https:\/\/souvenir-francais-argentine.fr\/wp-content\/uploads\/2023\/03\/img01.jpg\"\n\t\t\t\t\t\t     data-thumb-mobile=\"https:\/\/souvenir-francais-argentine.fr\/wp-content\/uploads\/2023\/03\/img01-768x578.jpg\"\n\t\t\t\t\t\t     title=\"\"\n\t\t\t\t\t\t     data-title=\"Late 26 statique\"\n\t\t\t\t\t\t     style=\"display:none\">\n\n\t\t\t\t\t\t<img decoding=\"async\" alt=\"Maquette du Late 26\"\n\t\t\t\t\t\t     src=\"\" data-image=\"https:\/\/souvenir-francais-argentine.fr\/wp-content\/uploads\/2023\/03\/Moron-466.jpg\"\n\t\t\t\t\t\t     data-image-mobile=\"https:\/\/souvenir-francais-argentine.fr\/wp-content\/uploads\/2023\/03\/Moron-466-768x512.jpg\"\n\t\t\t\t\t\t     data-thumb=\"https:\/\/souvenir-francais-argentine.fr\/wp-content\/uploads\/2023\/03\/Moron-466.jpg\"\n\t\t\t\t\t\t     data-thumb-mobile=\"https:\/\/souvenir-francais-argentine.fr\/wp-content\/uploads\/2023\/03\/Moron-466-768x512.jpg\"\n\t\t\t\t\t\t     title=\"\"\n\t\t\t\t\t\t     data-title=\"Maquette du Late 26\"\n\t\t\t\t\t\t     style=\"display:none\">\n\n\t\t\t\t\t\t<img decoding=\"async\" alt=\"Carnet de vol\"\n\t\t\t\t\t\t     src=\"\" data-image=\"https:\/\/souvenir-francais-argentine.fr\/wp-content\/uploads\/2023\/03\/Carnet-de-vol-musee-aeronautique-de-de-Moron.jpg\"\n\t\t\t\t\t\t     data-image-mobile=\"https:\/\/souvenir-francais-argentine.fr\/wp-content\/uploads\/2023\/03\/Carnet-de-vol-musee-aeronautique-de-de-Moron-768x515.jpg\"\n\t\t\t\t\t\t     data-thumb=\"https:\/\/souvenir-francais-argentine.fr\/wp-content\/uploads\/2023\/03\/Carnet-de-vol-musee-aeronautique-de-de-Moron.jpg\"\n\t\t\t\t\t\t     data-thumb-mobile=\"https:\/\/souvenir-francais-argentine.fr\/wp-content\/uploads\/2023\/03\/Carnet-de-vol-musee-aeronautique-de-de-Moron-768x515.jpg\"\n\t\t\t\t\t\t     title=\"\"\n\t\t\t\t\t\t     data-title=\"Carnet de vol\"\n\t\t\t\t\t\t     style=\"display:none\">\n\n\t\t\t\t\t\t<img decoding=\"async\" alt=\"Carnet de vol\"\n\t\t\t\t\t\t     src=\"\" data-image=\"https:\/\/souvenir-francais-argentine.fr\/wp-content\/uploads\/2023\/03\/Carnet-de-vol-musee-de-Moron.jpg\"\n\t\t\t\t\t\t     data-image-mobile=\"https:\/\/souvenir-francais-argentine.fr\/wp-content\/uploads\/2023\/03\/Carnet-de-vol-musee-de-Moron-768x512.jpg\"\n\t\t\t\t\t\t     data-thumb=\"https:\/\/souvenir-francais-argentine.fr\/wp-content\/uploads\/2023\/03\/Carnet-de-vol-musee-de-Moron.jpg\"\n\t\t\t\t\t\t     data-thumb-mobile=\"https:\/\/souvenir-francais-argentine.fr\/wp-content\/uploads\/2023\/03\/Carnet-de-vol-musee-de-Moron-768x512.jpg\"\n\t\t\t\t\t\t     title=\"\"\n\t\t\t\t\t\t     data-title=\"Carnet de vol\"\n\t\t\t\t\t\t     style=\"display:none\">\n\n\t\t\t\t\t\t<img decoding=\"async\" alt=\"Plan de vol a\u00e9ropostal\"\n\t\t\t\t\t\t     src=\"\" data-image=\"https:\/\/souvenir-francais-argentine.fr\/wp-content\/uploads\/2023\/03\/Aeropostal_alta.jpg\"\n\t\t\t\t\t\t     data-thumb=\"https:\/\/souvenir-francais-argentine.fr\/wp-content\/uploads\/2023\/03\/Aeropostal_alta.jpg\"\n\t\t\t\t\t\t     title=\"\"\n\t\t\t\t\t\t     data-title=\"Plan de vol a\u00e9ropostal\"\n\t\t\t\t\t\t     style=\"display:none\">\n\n\t\t\t\t\t\t<img decoding=\"async\" alt=\"Arroyo de Yaucha emprunt\u00e9 par Henri Guillaumet\"\n\t\t\t\t\t\t     src=\"\" data-image=\"https:\/\/souvenir-francais-argentine.fr\/wp-content\/uploads\/2023\/03\/Arroyo-de-Yaucha-emprunte-par-Henri-Guillaumet.jpg\"\n\t\t\t\t\t\t     data-image-mobile=\"https:\/\/souvenir-francais-argentine.fr\/wp-content\/uploads\/2023\/03\/Arroyo-de-Yaucha-emprunte-par-Henri-Guillaumet-768x512.jpg\"\n\t\t\t\t\t\t     data-thumb=\"https:\/\/souvenir-francais-argentine.fr\/wp-content\/uploads\/2023\/03\/Arroyo-de-Yaucha-emprunte-par-Henri-Guillaumet.jpg\"\n\t\t\t\t\t\t     data-thumb-mobile=\"https:\/\/souvenir-francais-argentine.fr\/wp-content\/uploads\/2023\/03\/Arroyo-de-Yaucha-emprunte-par-Henri-Guillaumet-768x512.jpg\"\n\t\t\t\t\t\t     title=\"\"\n\t\t\t\t\t\t     data-title=\"Arroyo de Yaucha emprunt\u00e9 par Henri Guillaumet\"\n\t\t\t\t\t\t     style=\"display:none\">\n\n\t\t\t\t\t\t<img decoding=\"async\" alt=\"Maquette du Late 26\"\n\t\t\t\t\t\t     src=\"\" data-image=\"https:\/\/souvenir-francais-argentine.fr\/wp-content\/uploads\/2023\/03\/Moron-016.jpg\"\n\t\t\t\t\t\t     data-image-mobile=\"https:\/\/souvenir-francais-argentine.fr\/wp-content\/uploads\/2023\/03\/Moron-016-768x512.jpg\"\n\t\t\t\t\t\t     data-thumb=\"https:\/\/souvenir-francais-argentine.fr\/wp-content\/uploads\/2023\/03\/Moron-016.jpg\"\n\t\t\t\t\t\t     data-thumb-mobile=\"https:\/\/souvenir-francais-argentine.fr\/wp-content\/uploads\/2023\/03\/Moron-016-768x512.jpg\"\n\t\t\t\t\t\t     title=\"\"\n\t\t\t\t\t\t     data-title=\"Maquette du Late 26\"\n\t\t\t\t\t\t     style=\"display:none\">\n\n\t\t\t\t\t\t<img decoding=\"async\" alt=\"Maquette du Late 26\"\n\t\t\t\t\t\t     src=\"\" data-image=\"https:\/\/souvenir-francais-argentine.fr\/wp-content\/uploads\/2023\/03\/Moron-024.jpg\"\n\t\t\t\t\t\t     data-image-mobile=\"https:\/\/souvenir-francais-argentine.fr\/wp-content\/uploads\/2023\/03\/Moron-024-768x512.jpg\"\n\t\t\t\t\t\t     data-thumb=\"https:\/\/souvenir-francais-argentine.fr\/wp-content\/uploads\/2023\/03\/Moron-024.jpg\"\n\t\t\t\t\t\t     data-thumb-mobile=\"https:\/\/souvenir-francais-argentine.fr\/wp-content\/uploads\/2023\/03\/Moron-024-768x512.jpg\"\n\t\t\t\t\t\t     title=\"\"\n\t\t\t\t\t\t     data-title=\"Maquette du Late 26\"\n\t\t\t\t\t\t     style=\"display:none\">\n\n\t\t\t\t\t\t<img decoding=\"async\" alt=\"Maquette du Late 26\"\n\t\t\t\t\t\t     src=\"\" data-image=\"https:\/\/souvenir-francais-argentine.fr\/wp-content\/uploads\/2023\/03\/Moron-028.jpg\"\n\t\t\t\t\t\t     data-image-mobile=\"https:\/\/souvenir-francais-argentine.fr\/wp-content\/uploads\/2023\/03\/Moron-028-768x512.jpg\"\n\t\t\t\t\t\t     data-thumb=\"https:\/\/souvenir-francais-argentine.fr\/wp-content\/uploads\/2023\/03\/Moron-028.jpg\"\n\t\t\t\t\t\t     data-thumb-mobile=\"https:\/\/souvenir-francais-argentine.fr\/wp-content\/uploads\/2023\/03\/Moron-028-768x512.jpg\"\n\t\t\t\t\t\t     title=\"\"\n\t\t\t\t\t\t     data-title=\"Maquette du Late 26\"\n\t\t\t\t\t\t     style=\"display:none\">\n\t\t\t<\/div>\n\n\n\t\t\t<!-- END UNITEGALLERY -->\n\n\n<p class=\"has-text-align-center\"><a class=\"btn-section2\" title=\"Mus\u00e9e de l'aviation de Moron\" href=\"https:\/\/www.argentina-excepcion.com\/guide-voyage\/aeropostale\/musee-aviation-moron\">En savoir + sur le mus\u00e9e<\/a><\/p>\n\n\n\n<hr class=\"wp-block-separator alignfull has-alpha-channel-opacity\"\/>\n\n\n\n<h2 class=\"wp-block-heading\">Pour m\u00e9moire \u00e0 Buenos Aires<\/h2>\n\n\n\r\n\t\t\t\t\t\n\r\n\t\t\t\t\t<!-- START UNITE GALLERY 1.7.58 -->\r\n\t\t\t\t\t\r\n\t\t\t\t\n\t\t\t<div id='unitegallery_2_4' class='unite-gallery' style='margin:0px auto;margin-top:15px;margin-bottom:25px;'>\n\t\t\t\t\n\n\t\t\t\t\t\t<img decoding=\"async\" alt=\"Statue de Mermoz en Archange - A\u00e9roport Newberry\"\n\t\t\t\t\t\t     src=\"\" data-image=\"https:\/\/souvenir-francais-argentine.fr\/wp-content\/uploads\/2023\/03\/img04-1.jpg\"\n\t\t\t\t\t\t     data-image-mobile=\"https:\/\/souvenir-francais-argentine.fr\/wp-content\/uploads\/2023\/03\/img04-1-768x955.jpg\"\n\t\t\t\t\t\t     data-thumb=\"https:\/\/souvenir-francais-argentine.fr\/wp-content\/uploads\/2023\/03\/img04-1.jpg\"\n\t\t\t\t\t\t     data-thumb-mobile=\"https:\/\/souvenir-francais-argentine.fr\/wp-content\/uploads\/2023\/03\/img04-1-768x955.jpg\"\n\t\t\t\t\t\t     title=\"\"\n\t\t\t\t\t\t     data-title=\"Statue de Mermoz en Archange - A\u00e9roport Newberry\"\n\t\t\t\t\t\t     style=\"display:none\">\n\n\t\t\t\t\t\t<img decoding=\"async\" alt=\"Appartement St Exupery \u2013 GalleriaGuimes\"\n\t\t\t\t\t\t     src=\"\" data-image=\"https:\/\/souvenir-francais-argentine.fr\/wp-content\/uploads\/2023\/03\/img05.jpg\"\n\t\t\t\t\t\t     data-image-mobile=\"https:\/\/souvenir-francais-argentine.fr\/wp-content\/uploads\/2023\/03\/img05-768x694.jpg\"\n\t\t\t\t\t\t     data-thumb=\"https:\/\/souvenir-francais-argentine.fr\/wp-content\/uploads\/2023\/03\/img05.jpg\"\n\t\t\t\t\t\t     data-thumb-mobile=\"https:\/\/souvenir-francais-argentine.fr\/wp-content\/uploads\/2023\/03\/img05-768x694.jpg\"\n\t\t\t\t\t\t     title=\"\"\n\t\t\t\t\t\t     data-title=\"Appartement St Exupery \u2013 GalleriaGuimes\"\n\t\t\t\t\t\t     style=\"display:none\">\n\n\t\t\t\t\t\t<img decoding=\"async\" alt=\"Plaque comm\u00e9morative. Patagonie Trelew \u2013 Touring club\"\n\t\t\t\t\t\t     src=\"\" data-image=\"https:\/\/souvenir-francais-argentine.fr\/wp-content\/uploads\/2023\/03\/img-06.jpg\"\n\t\t\t\t\t\t     data-image-mobile=\"https:\/\/souvenir-francais-argentine.fr\/wp-content\/uploads\/2023\/03\/img-06-768x510.jpg\"\n\t\t\t\t\t\t     data-thumb=\"https:\/\/souvenir-francais-argentine.fr\/wp-content\/uploads\/2023\/03\/img-06.jpg\"\n\t\t\t\t\t\t     data-thumb-mobile=\"https:\/\/souvenir-francais-argentine.fr\/wp-content\/uploads\/2023\/03\/img-06-768x510.jpg\"\n\t\t\t\t\t\t     title=\"\"\n\t\t\t\t\t\t     data-title=\"Plaque comm\u00e9morative. Patagonie Trelew \u2013 Touring club\"\n\t\t\t\t\t\t     style=\"display:none\">\n\t\t\t<\/div>\n\n\n\t\t\t<!-- END UNITEGALLERY -->\n\n\n<hr class=\"wp-block-separator alignfull has-alpha-channel-opacity\"\/>\n\n\n\n<div class=\"wp-block-buttons is-content-justification-center is-layout-flex wp-container-core-buttons-is-layout-16018d1d wp-block-buttons-is-layout-flex\">\n<div class=\"wp-block-button\"><a class=\"wp-block-button__link wp-element-button\" href=\"https:\/\/souvenir-francais-argentine.fr\/index.php\/contexte-historique\/\" title=\"Le d\u00e9roul\u00e9 des retrouvailles\">contexte historique<\/a><\/div>\n\n\n\n<div class=\"wp-block-button\"><a class=\"wp-block-button__link wp-element-button\" href=\"https:\/\/souvenir-francais-argentine.fr\/index.php\/contexte-historique\/souvenirs-existants\/\" title=\"M\u00e9moire des retrouvailles\">souvenirs existants<\/a><\/div>\n\n\n\n<div class=\"wp-block-button\"><a class=\"wp-block-button__link wp-element-button\" href=\"https:\/\/souvenir-francais-argentine.fr\/index.php\/contexte-historique\/les-lieux\/\" title=\"Les lieux des retrouvailles\">Les lieux<\/a><\/div>\n\n\n\n<div class=\"wp-block-button\"><a class=\"wp-block-button__link wp-element-button\" href=\"https:\/\/souvenir-francais-argentine.fr\/index.php\/contexte-historique\/liens-utiles\/\" title=\"En savoir plus\">Liens utiles<\/a><\/div>\n<\/div>\n","protected":false},"excerpt":{"rendered":"<p>R\u00e9gion de Mendoza : San Carlos R\u00e9gion de Mendoza : Laguna Diamante Pour m\u00e9moire au Mus\u00e9e de l&rsquo;aviation de Moron Seul exemplaire d\u2019un Late 26 statique existant, avion utilis\u00e9 par &#8230;<\/p>\n","protected":false},"author":1,"featured_media":403,"parent":43,"menu_order":12,"comment_status":"closed","ping_status":"closed","template":"","meta":{"footnotes":""},"class_list":["post-431","page","type-page","status-publish","has-post-thumbnail","hentry"],"_links":{"self":[{"href":"https:\/\/souvenir-francais-argentine.fr\/index.php\/wp-json\/wp\/v2\/pages\/431","targetHints":{"allow":["GET"]}}],"collection":[{"href":"https:\/\/souvenir-francais-argentine.fr\/index.php\/wp-json\/wp\/v2\/pages"}],"about":[{"href":"https:\/\/souvenir-francais-argentine.fr\/index.php\/wp-json\/wp\/v2\/types\/page"}],"author":[{"embeddable":true,"href":"https:\/\/souvenir-francais-argentine.fr\/index.php\/wp-json\/wp\/v2\/users\/1"}],"replies":[{"embeddable":true,"href":"https:\/\/souvenir-francais-argentine.fr\/index.php\/wp-json\/wp\/v2\/comments?post=431"}],"version-history":[{"count":22,"href":"https:\/\/souvenir-francais-argentine.fr\/index.php\/wp-json\/wp\/v2\/pages\/431\/revisions"}],"predecessor-version":[{"id":931,"href":"https:\/\/souvenir-francais-argentine.fr\/index.php\/wp-json\/wp\/v2\/pages\/431\/revisions\/931"}],"up":[{"embeddable":true,"href":"https:\/\/souvenir-francais-argentine.fr\/index.php\/wp-json\/wp\/v2\/pages\/43"}],"wp:featuredmedia":[{"embeddable":true,"href":"https:\/\/souvenir-francais-argentine.fr\/index.php\/wp-json\/wp\/v2\/media\/403"}],"wp:attachment":[{"href":"https:\/\/souvenir-francais-argentine.fr\/index.php\/wp-json\/wp\/v2\/media?parent=431"}],"curies":[{"name":"wp","href":"https:\/\/api.w.org\/{rel}","templated":true}]}}