{"id":47,"date":"2023-03-09T18:53:32","date_gmt":"2023-03-09T17:53:32","guid":{"rendered":"https:\/\/souvenir-francais-argentine.fr\/?page_id=47"},"modified":"2023-03-12T23:57:23","modified_gmt":"2023-03-12T22:57:23","slug":"les-projets","status":"publish","type":"page","link":"https:\/\/souvenir-francais-argentine.fr\/index.php\/les-projets\/","title":{"rendered":"Les projets"},"content":{"rendered":"\n<h2 class=\"wp-block-heading\">4 projets port\u00e9s par le comit\u00e9 de pilotage<\/h2>\n\n\n\n<p>Pour honorer la m\u00e9moire de cette aventure&#8230;<\/p>\n\n\n\n<div class=\"wp-block-columns is-layout-flex wp-container-core-columns-is-layout-9d6595d7 wp-block-columns-is-layout-flex\">\n<div class=\"wp-block-column is-layout-flow wp-block-column-is-layout-flow\"><div class=\"wp-block-image\">\n<figure class=\"aligncenter size-full is-resized\"><a href=\"https:\/\/souvenir-francais-argentine.fr\/index.php\/les-projets\/hommage-aux-retrouvailles\/\"><img loading=\"lazy\" decoding=\"async\" src=\"https:\/\/souvenir-francais-argentine.fr\/wp-content\/uploads\/2023\/03\/img-picto-projet1.jpg\" alt=\"Hommage aux retrouvailles\" class=\"wp-image-529\" width=\"394\" height=\"394\" srcset=\"https:\/\/souvenir-francais-argentine.fr\/wp-content\/uploads\/2023\/03\/img-picto-projet1.jpg 900w, https:\/\/souvenir-francais-argentine.fr\/wp-content\/uploads\/2023\/03\/img-picto-projet1-300x300.jpg 300w, https:\/\/souvenir-francais-argentine.fr\/wp-content\/uploads\/2023\/03\/img-picto-projet1-150x150.jpg 150w, https:\/\/souvenir-francais-argentine.fr\/wp-content\/uploads\/2023\/03\/img-picto-projet1-768x768.jpg 768w\" sizes=\"auto, (max-width: 394px) 100vw, 394px\" \/><\/a><\/figure>\n<\/div>\n\n\n<h3 class=\"wp-block-heading\"><a class=\"btn-section2\" title=\"Projet 1\" href=\"https:\/\/souvenir-francais-argentine.fr\/index.php\/les-projets\/hommage-aux-retrouvailles\/\" data-type=\"page\" data-id=\"101\">Projet 1 &#8211; Hommage aux retrouvailles<\/a><\/h3>\n\n\n\n<p>&nbsp; \u00ab <em>\u2026 Et quand je me suis de nouveau gliss\u00e9 entre les murs des piliers g\u00e9ants des Andes, il m&rsquo;a sembl\u00e9 que je ne te cherchais plus, mais que je veillais sur ton corps en silence, \u00e0 l&rsquo;int\u00e9rieur d&rsquo;une cath\u00e9drale de neige\u2026 <\/em>\u00bb&nbsp;<\/p>\n<\/div>\n\n\n\n<div class=\"wp-block-column is-layout-flow wp-block-column-is-layout-flow\"><div class=\"wp-block-image\">\n<figure class=\"aligncenter size-full is-resized\"><a href=\"https:\/\/souvenir-francais-argentine.fr\/index.php\/les-projets\/creation-dun-chemin\/\"><img loading=\"lazy\" decoding=\"async\" src=\"https:\/\/souvenir-francais-argentine.fr\/wp-content\/uploads\/2023\/03\/img-picto-projet2.jpg\" alt=\"Cr\u00e9ation d\u2019un chemin Guillaumet \" class=\"wp-image-530\" width=\"394\" height=\"394\" srcset=\"https:\/\/souvenir-francais-argentine.fr\/wp-content\/uploads\/2023\/03\/img-picto-projet2.jpg 900w, https:\/\/souvenir-francais-argentine.fr\/wp-content\/uploads\/2023\/03\/img-picto-projet2-300x300.jpg 300w, https:\/\/souvenir-francais-argentine.fr\/wp-content\/uploads\/2023\/03\/img-picto-projet2-150x150.jpg 150w, https:\/\/souvenir-francais-argentine.fr\/wp-content\/uploads\/2023\/03\/img-picto-projet2-768x768.jpg 768w\" sizes=\"auto, (max-width: 394px) 100vw, 394px\" \/><\/a><\/figure>\n<\/div>\n\n\n<h3 class=\"wp-block-heading\"><a class=\"btn-section2\" title=\"Projet 2\" href=\"https:\/\/souvenir-francais-argentine.fr\/index.php\/les-projets\/creation-dun-chemin\/\" data-type=\"page\" data-id=\"103\">Projet 2 &#8211; Cr\u00e9ation d\u2019un chemin Guillaumet&nbsp;<\/a><\/h3>\n\n\n\n<p>&nbsp; \u00ab <em>\u2026 Je m\u2019enveloppai l\u00e0 de sacs postaux et, quarante-huit heures durant, j\u2019attendis. Apr\u00e8s quoi, le temp\u00eate apais\u00e9e, je me mis en marche. Je marchai cinq jours et quatre nuits\u2026 <\/em>\u00bb<\/p>\n<\/div>\n<\/div>\n\n\n\n<div class=\"wp-block-columns is-layout-flex wp-container-core-columns-is-layout-9d6595d7 wp-block-columns-is-layout-flex\">\n<div class=\"wp-block-column is-layout-flow wp-block-column-is-layout-flow\"><div class=\"wp-block-image\">\n<figure class=\"aligncenter size-full is-resized\"><a href=\"https:\/\/souvenir-francais-argentine.fr\/index.php\/les-projets\/creation-dun-musee-de-laeropostale\/\"><img loading=\"lazy\" decoding=\"async\" src=\"https:\/\/souvenir-francais-argentine.fr\/wp-content\/uploads\/2023\/03\/img-picto-projet3.jpg\" alt=\"Late 26 statique\" class=\"wp-image-531\" width=\"394\" height=\"394\" srcset=\"https:\/\/souvenir-francais-argentine.fr\/wp-content\/uploads\/2023\/03\/img-picto-projet3.jpg 900w, https:\/\/souvenir-francais-argentine.fr\/wp-content\/uploads\/2023\/03\/img-picto-projet3-300x300.jpg 300w, https:\/\/souvenir-francais-argentine.fr\/wp-content\/uploads\/2023\/03\/img-picto-projet3-150x150.jpg 150w, https:\/\/souvenir-francais-argentine.fr\/wp-content\/uploads\/2023\/03\/img-picto-projet3-768x768.jpg 768w\" sizes=\"auto, (max-width: 394px) 100vw, 394px\" \/><\/a><\/figure>\n<\/div>\n\n\n<h3 class=\"wp-block-heading\"><a class=\"btn-section2\" title=\"Projet 3\" href=\"https:\/\/souvenir-francais-argentine.fr\/index.php\/les-projets\/creation-dun-musee-de-laeropostale\/\" data-type=\"page\" data-id=\"120\">Projet 3 &#8211; Re-construction d\u2019avions<\/a><\/h3>\n\n\n\n<p>&nbsp;\u00ab <em>\u00c0 trois mille cinq j\u2019entrevis une masse noire, horizontale, qui me permit de r\u00e9tablir l\u2019avion. C\u2019\u00e9tait un \u00e9tang que je reconnus : la Laguna Diamante\u2026 <\/em>\u00bb<\/p>\n<\/div>\n\n\n\n<div class=\"wp-block-column is-layout-flow wp-block-column-is-layout-flow\"><div class=\"wp-block-image\">\n<figure class=\"aligncenter size-full is-resized\"><a href=\"https:\/\/souvenir-francais-argentine.fr\/index.php\/les-projets\/parcours-aeropostale-a-mendoza\/\"><img loading=\"lazy\" decoding=\"async\" src=\"https:\/\/souvenir-francais-argentine.fr\/wp-content\/uploads\/2023\/03\/img-picto6PROJET4.jpg\" alt=\"Late 26 statique\" class=\"wp-image-532\" width=\"394\" height=\"394\" srcset=\"https:\/\/souvenir-francais-argentine.fr\/wp-content\/uploads\/2023\/03\/img-picto6PROJET4.jpg 900w, https:\/\/souvenir-francais-argentine.fr\/wp-content\/uploads\/2023\/03\/img-picto6PROJET4-300x300.jpg 300w, https:\/\/souvenir-francais-argentine.fr\/wp-content\/uploads\/2023\/03\/img-picto6PROJET4-150x150.jpg 150w, https:\/\/souvenir-francais-argentine.fr\/wp-content\/uploads\/2023\/03\/img-picto6PROJET4-768x768.jpg 768w\" sizes=\"auto, (max-width: 394px) 100vw, 394px\" \/><\/a><\/figure>\n<\/div>\n\n\n<h3 class=\"wp-block-heading\"><a class=\"btn-section2\" title=\"Projet4\" href=\"https:\/\/souvenir-francais-argentine.fr\/index.php\/les-projets\/parcours-aeropostale-a-mendoza\/\" data-type=\"page\" data-id=\"123\">Projet 4 &#8211; Parcours A\u00e9ropostale \u00e0 Mendoza<\/a><\/h3>\n\n\n\n<p>Sur les traces de Saint-Exup\u00e9ry et de Guillaumet en Argentine.<\/p>\n<\/div>\n<\/div>\n","protected":false},"excerpt":{"rendered":"<p>4 projets port\u00e9s par le comit\u00e9 de pilotage Pour honorer la m\u00e9moire de cette aventure&#8230; Projet 1 &#8211; Hommage aux retrouvailles &nbsp; \u00ab \u2026 Et quand je me suis de &#8230;<\/p>\n","protected":false},"author":1,"featured_media":403,"parent":0,"menu_order":3,"comment_status":"closed","ping_status":"closed","template":"","meta":{"footnotes":""},"class_list":["post-47","page","type-page","status-publish","has-post-thumbnail","hentry"],"_links":{"self":[{"href":"https:\/\/souvenir-francais-argentine.fr\/index.php\/wp-json\/wp\/v2\/pages\/47","targetHints":{"allow":["GET"]}}],"collection":[{"href":"https:\/\/souvenir-francais-argentine.fr\/index.php\/wp-json\/wp\/v2\/pages"}],"about":[{"href":"https:\/\/souvenir-francais-argentine.fr\/index.php\/wp-json\/wp\/v2\/types\/page"}],"author":[{"embeddable":true,"href":"https:\/\/souvenir-francais-argentine.fr\/index.php\/wp-json\/wp\/v2\/users\/1"}],"replies":[{"embeddable":true,"href":"https:\/\/souvenir-francais-argentine.fr\/index.php\/wp-json\/wp\/v2\/comments?post=47"}],"version-history":[{"count":10,"href":"https:\/\/souvenir-francais-argentine.fr\/index.php\/wp-json\/wp\/v2\/pages\/47\/revisions"}],"predecessor-version":[{"id":883,"href":"https:\/\/souvenir-francais-argentine.fr\/index.php\/wp-json\/wp\/v2\/pages\/47\/revisions\/883"}],"wp:featuredmedia":[{"embeddable":true,"href":"https:\/\/souvenir-francais-argentine.fr\/index.php\/wp-json\/wp\/v2\/media\/403"}],"wp:attachment":[{"href":"https:\/\/souvenir-francais-argentine.fr\/index.php\/wp-json\/wp\/v2\/media?parent=47"}],"curies":[{"name":"wp","href":"https:\/\/api.w.org\/{rel}","templated":true}]}}